{"id":548,"date":"2026-03-02T07:41:00","date_gmt":"2026-03-02T07:41:00","guid":{"rendered":"https:\/\/dev.bartendermagasinet.dk\/?page_id=548"},"modified":"2026-03-02T08:14:13","modified_gmt":"2026-03-02T08:14:13","slug":"rettigheder-og-ophavsret","status":"publish","type":"page","link":"https:\/\/dev.bartendermagasinet.dk\/index.php\/om\/rettigheder-og-ophavsret\/","title":{"rendered":"Rettigheder og ophavsret"},"content":{"rendered":"\t\t<div data-elementor-type=\"wp-page\" data-elementor-id=\"548\" class=\"elementor elementor-548\">\n\t\t\t\t<div class=\"elementor-element elementor-element-fc29f50 e-flex e-con-boxed e-con e-parent\" data-id=\"fc29f50\" data-element_type=\"container\" data-e-type=\"container\" data-settings=\"{&quot;background_background&quot;:&quot;classic&quot;}\">\n\t\t\t\t\t<div class=\"e-con-inner\">\n\t\t\t\t<div class=\"elementor-element elementor-element-dae6071 elementor-widget elementor-widget-heading\" data-id=\"dae6071\" data-element_type=\"widget\" data-e-type=\"widget\" data-widget_type=\"heading.default\">\n\t\t\t\t\t<h2 class=\"elementor-heading-title elementor-size-default\">Rettigheder og ophavsret<\/h2>\t\t\t\t<\/div>\n\t\t\t\t\t<\/div>\n\t\t\t\t<\/div>\n\t\t<div class=\"elementor-element elementor-element-710b34d e-con-full e-flex e-con e-parent\" data-id=\"710b34d\" data-element_type=\"container\" data-e-type=\"container\">\n\t\t<div class=\"elementor-element elementor-element-7040396 e-con-full e-flex e-con e-child\" data-id=\"7040396\" data-element_type=\"container\" data-e-type=\"container\">\n\t\t<div class=\"elementor-element elementor-element-3ef99d2 e-con-full e-flex e-con e-child\" data-id=\"3ef99d2\" data-element_type=\"container\" data-e-type=\"container\">\n\t\t<div class=\"elementor-element elementor-element-f5c50ba e-con-full e-flex e-con e-child\" data-id=\"f5c50ba\" data-element_type=\"container\" data-e-type=\"container\">\n\t\t\t\t<div class=\"elementor-element elementor-element-4545ae6 elementor-widget elementor-widget-heading\" data-id=\"4545ae6\" data-element_type=\"widget\" data-e-type=\"widget\" data-widget_type=\"heading.default\">\n\t\t\t\t\t<h2 class=\"elementor-heading-title elementor-size-default\">Copyright<\/h2>\t\t\t\t<\/div>\n\t\t\t\t<div class=\"elementor-element elementor-element-cb84051 elementor-widget elementor-widget-text-editor\" data-id=\"cb84051\" data-element_type=\"widget\" data-e-type=\"widget\" data-widget_type=\"text-editor.default\">\n\t\t\t\t\t\t\t\t\t<p>Alle artikler, kommentarer, grafik, billeder og andet indhold p\u00e5 Bartendermagasinet er copyright \u00a9 Bartendermagasinet og de enkelte skribenter. Det er derfor ikke tilladt at kopiere artikler \u2013 hverken delvis eller i deres helhed \u2013 uden forudg\u00e5ende aftale med Bartendermagasinet.<\/p><p>Citater fra artikler og debatten tillades dog i begr\u00e6nset omfang, s\u00e5fremt tydelig kildeangivelse er tilstede.<\/p><p>Print af Bartendermagasinets artikler, debatter m.v. er tilladt til privat, ikke-kommercielt brug.<\/p><p>S\u00e5fremt du \u00f8nsker at benytte materiale fra Bartendermagasinet til kommercielt brug, bedes du\u00a0<a href=\"https:\/\/bartendermagasinet.dk\/kontakt\/\">kontakte redaktionen<\/a>.<\/p>\t\t\t\t\t\t\t\t<\/div>\n\t\t\t\t<div class=\"elementor-element elementor-element-79d827f elementor-widget elementor-widget-heading\" data-id=\"79d827f\" data-element_type=\"widget\" data-e-type=\"widget\" data-widget_type=\"heading.default\">\n\t\t\t\t\t<h2 class=\"elementor-heading-title elementor-size-default\">Ansvar<\/h2>\t\t\t\t<\/div>\n\t\t\t\t<div class=\"elementor-element elementor-element-d820bfa elementor-widget elementor-widget-text-editor\" data-id=\"d820bfa\" data-element_type=\"widget\" data-e-type=\"widget\" data-widget_type=\"text-editor.default\">\n\t\t\t\t\t\t\t\t\t<p>Bartendermagasinet er ikke ansvarlig for holdninger, meninger og andre ytringer i debatten, ligesom magasinet ikke tager ansvar for indholdet p\u00e5 de sider der eventuelt linkes til i debatten.<\/p>\t\t\t\t\t\t\t\t<\/div>\n\t\t\t\t<div class=\"elementor-element elementor-element-17e2c1b elementor-widget elementor-widget-heading\" data-id=\"17e2c1b\" data-element_type=\"widget\" data-e-type=\"widget\" data-widget_type=\"heading.default\">\n\t\t\t\t\t<h2 class=\"elementor-heading-title elementor-size-default\">Links<\/h2>\t\t\t\t<\/div>\n\t\t\t\t<div class=\"elementor-element elementor-element-9a8b623 elementor-widget elementor-widget-text-editor\" data-id=\"9a8b623\" data-element_type=\"widget\" data-e-type=\"widget\" data-widget_type=\"text-editor.default\">\n\t\t\t\t\t\t\t\t\t<p>Det er tilladt at linke til alle offentligt tilg\u00e6ngelige sider p\u00e5 Bartendermagasinet. Dette inkluderer ogs\u00e5 de s\u00e5kaldt \u201cdybe links\u201d. Dog er det ikke tilladt at linke direkte til grafik og billeder placeret p\u00e5 Bartendermagasinets servere.<\/p><p>Det er desuden ikke tilladt at linke til Bartendermagasinet p\u00e5 en s\u00e5dan m\u00e5de, at Bartendermagasinet fremst\u00e5r som del af en anden side. Sagt p\u00e5 en anden m\u00e5de: Ingen inkludering i frames.<\/p>\t\t\t\t\t\t\t\t<\/div>\n\t\t\t\t<div class=\"elementor-element elementor-element-7db0f46 elementor-widget elementor-widget-heading\" data-id=\"7db0f46\" data-element_type=\"widget\" data-e-type=\"widget\" data-widget_type=\"heading.default\">\n\t\t\t\t\t<h2 class=\"elementor-heading-title elementor-size-default\">Krediteringer<\/h2>\t\t\t\t<\/div>\n\t\t\t\t<div class=\"elementor-element elementor-element-77ef9e7 elementor-widget elementor-widget-text-editor\" data-id=\"77ef9e7\" data-element_type=\"widget\" data-e-type=\"widget\" data-widget_type=\"text-editor.default\">\n\t\t\t\t\t\t\t\t\t<p>Hovedparten af billederne benyttet p\u00e5 Bartendermagasinet kommer.<\/p><p>Overtr\u00e6delse af ovenn\u00e6vnte betingelser kan medf\u00f8re krav om vederlag, erstatning og godtg\u00f8relse.\u00a0<a href=\"https:\/\/bartendermagasinet.dk\/kontakt\/\">Hvis du er i tvivl om, hvad du m\u00e5 kopiere og linke til, s\u00e5 kontakt redaktionen.<\/a><\/p><p>Med dette sagt, s\u00e5 h\u00e5ber jeg du vil benytte Bartendermagasinet i den \u00e5nd det er skabt.<\/p>\t\t\t\t\t\t\t\t<\/div>\n\t\t\t\t<\/div>\n\t\t\t\t<\/div>\n\t\t\t\t<\/div>\n\t\t\t\t<\/div>\n\t\t\t\t<\/div>\n\t\t","protected":false},"excerpt":{"rendered":"<p>Rettigheder og ophavsret Copyright Alle artikler, kommentarer, grafik, billeder og andet indhold p\u00e5 Bartendermagasinet er copyright \u00a9 Bartendermagasinet og de enkelte skribenter. Det er derfor ikke tilladt at kopiere artikler \u2013 hverken delvis eller i deres helhed \u2013 uden forudg\u00e5ende aftale med Bartendermagasinet. Citater fra artikler og debatten tillades dog i begr\u00e6nset omfang, s\u00e5fremt tydelig [&hellip;]<\/p>\n","protected":false},"author":1,"featured_media":0,"parent":287,"menu_order":0,"comment_status":"closed","ping_status":"closed","template":"elementor_header_footer","meta":{"footnotes":""},"class_list":["post-548","page","type-page","status-publish","hentry"],"_links":{"self":[{"href":"https:\/\/dev.bartendermagasinet.dk\/index.php\/wp-json\/wp\/v2\/pages\/548","targetHints":{"allow":["GET"]}}],"collection":[{"href":"https:\/\/dev.bartendermagasinet.dk\/index.php\/wp-json\/wp\/v2\/pages"}],"about":[{"href":"https:\/\/dev.bartendermagasinet.dk\/index.php\/wp-json\/wp\/v2\/types\/page"}],"author":[{"embeddable":true,"href":"https:\/\/dev.bartendermagasinet.dk\/index.php\/wp-json\/wp\/v2\/users\/1"}],"replies":[{"embeddable":true,"href":"https:\/\/dev.bartendermagasinet.dk\/index.php\/wp-json\/wp\/v2\/comments?post=548"}],"version-history":[{"count":4,"href":"https:\/\/dev.bartendermagasinet.dk\/index.php\/wp-json\/wp\/v2\/pages\/548\/revisions"}],"predecessor-version":[{"id":552,"href":"https:\/\/dev.bartendermagasinet.dk\/index.php\/wp-json\/wp\/v2\/pages\/548\/revisions\/552"}],"up":[{"embeddable":true,"href":"https:\/\/dev.bartendermagasinet.dk\/index.php\/wp-json\/wp\/v2\/pages\/287"}],"wp:attachment":[{"href":"https:\/\/dev.bartendermagasinet.dk\/index.php\/wp-json\/wp\/v2\/media?parent=548"}],"curies":[{"name":"wp","href":"https:\/\/api.w.org\/{rel}","templated":true}]}}