{"id":175,"date":"2026-02-24T12:11:11","date_gmt":"2026-02-24T12:11:11","guid":{"rendered":"https:\/\/dev.bartendermagasinet.dk\/?page_id=175"},"modified":"2026-03-02T08:11:56","modified_gmt":"2026-03-02T08:11:56","slug":"kontakt","status":"publish","type":"page","link":"https:\/\/dev.bartendermagasinet.dk\/index.php\/kontakt\/","title":{"rendered":"Kontakt"},"content":{"rendered":"\t\t<div data-elementor-type=\"wp-page\" data-elementor-id=\"175\" class=\"elementor elementor-175\">\n\t\t\t\t<div class=\"elementor-element elementor-element-73add23 e-flex e-con-boxed e-con e-parent\" data-id=\"73add23\" data-element_type=\"container\" data-e-type=\"container\" data-settings=\"{&quot;background_background&quot;:&quot;classic&quot;}\">\n\t\t\t\t\t<div class=\"e-con-inner\">\n\t\t\t\t<div class=\"elementor-element elementor-element-ba2d000 elementor-widget elementor-widget-heading\" data-id=\"ba2d000\" data-element_type=\"widget\" data-e-type=\"widget\" data-widget_type=\"heading.default\">\n\t\t\t\t\t<h2 class=\"elementor-heading-title elementor-size-default\">Contact Us<\/h2>\t\t\t\t<\/div>\n\t\t\t\t<div class=\"elementor-element elementor-element-5b1a3a1 elementor-widget elementor-widget-heading\" data-id=\"5b1a3a1\" data-element_type=\"widget\" data-e-type=\"widget\" data-widget_type=\"heading.default\">\n\t\t\t\t\t<h3 class=\"elementor-heading-title elementor-size-default\">Du skal v\u00e6re velkommen til at tage kontakt til os.<\/h3>\t\t\t\t<\/div>\n\t\t\t\t\t<\/div>\n\t\t\t\t<\/div>\n\t\t<div class=\"elementor-element elementor-element-461e8f4 e-flex e-con-boxed e-con e-parent\" data-id=\"461e8f4\" data-element_type=\"container\" data-e-type=\"container\">\n\t\t\t\t\t<div class=\"e-con-inner\">\n\t\t<div class=\"elementor-element elementor-element-ff62f23 e-con-full e-flex e-con e-child\" data-id=\"ff62f23\" data-element_type=\"container\" data-e-type=\"container\">\n\t\t<div class=\"elementor-element elementor-element-882bbd2 e-con-full e-flex e-con e-child\" data-id=\"882bbd2\" data-element_type=\"container\" data-e-type=\"container\">\n\t\t\t\t<div class=\"elementor-element elementor-element-f6b53a1 elementor-widget elementor-widget-heading\" data-id=\"f6b53a1\" data-element_type=\"widget\" data-e-type=\"widget\" data-widget_type=\"heading.default\">\n\t\t\t\t\t<h2 class=\"elementor-heading-title elementor-size-default\">Har du sp\u00f8rgsm\u00e5l \u2014 eller noget du vil dele?<\/h2>\t\t\t\t<\/div>\n\t\t\t\t<div class=\"elementor-element elementor-element-5484802 elementor-widget elementor-widget-text-editor\" data-id=\"5484802\" data-element_type=\"widget\" data-e-type=\"widget\" data-widget_type=\"text-editor.default\">\n\t\t\t\t\t\t\t\t\t<p data-start=\"294\" data-end=\"447\">Vi vil meget gerne h\u00f8re fra dig. Uanset om du er bartender, barchef, leverand\u00f8r eller blot cocktail-entusiast \u2014 du er altid velkommen til at kontakte os.<\/p><p data-start=\"449\" data-end=\"666\"><strong data-start=\"449\" data-end=\"478\">Skriv til os \u2014 eller ring<\/strong><br data-start=\"478\" data-end=\"481\" \/>Brug kontaktformularen herunder, eller send en e-mail. Vi bestr\u00e6ber os p\u00e5 at besvare alle henvendelser inden for 24\u201348 timer.<\/p>\t\t\t\t\t\t\t\t<\/div>\n\t\t\t\t<\/div>\n\t\t<div class=\"elementor-element elementor-element-b417977 e-con-full e-flex e-con e-child\" data-id=\"b417977\" data-element_type=\"container\" data-e-type=\"container\">\n\t\t\t\t<div class=\"elementor-element elementor-element-916922f elementor-widget elementor-widget-heading\" data-id=\"916922f\" data-element_type=\"widget\" data-e-type=\"widget\" data-widget_type=\"heading.default\">\n\t\t\t\t\t<h2 class=\"elementor-heading-title elementor-size-default\">Hvorfor kontakte os?<\/h2>\t\t\t\t<\/div>\n\t\t\t\t<div class=\"elementor-element elementor-element-21f7907 elementor-widget elementor-widget-text-editor\" data-id=\"21f7907\" data-element_type=\"widget\" data-e-type=\"widget\" data-widget_type=\"text-editor.default\">\n\t\t\t\t\t\t\t\t\t<ul data-start=\"1278\" data-end=\"1970\"><li data-start=\"1278\" data-end=\"1521\"><p data-start=\"1280\" data-end=\"1521\"><strong data-start=\"1280\" data-end=\"1311\">Vil du bidrage med indhold?<\/strong><br data-start=\"1311\" data-end=\"1314\" \/>Har du en sp\u00e6ndende historie, nyt produkt, trend, bar\u00e5bning eller cocktail-id\u00e9, der fortjener opm\u00e6rksomhed? Send os en besked \u2014 vi elsker at d\u00e6kke danske og internationale nyheder i bar- og drinkskultur.<\/p><\/li><li data-start=\"1523\" data-end=\"1728\"><p data-start=\"1525\" data-end=\"1728\"><strong data-start=\"1525\" data-end=\"1562\">Er du leverand\u00f8r eller producent?<\/strong><br data-start=\"1562\" data-end=\"1565\" \/>\u00d8nsker du at pr\u00e6sentere et produkt, en sirup, spiritus eller udstyr til bartendere i Danmark? Vi kan hj\u00e6lpe med omtale og eksponering over for vores m\u00e5lgruppe.<\/p><\/li><li data-start=\"1730\" data-end=\"1970\"><p data-start=\"1732\" data-end=\"1970\"><strong data-start=\"1732\" data-end=\"1753\">Feedback og id\u00e9er<\/strong><br data-start=\"1753\" data-end=\"1756\" \/>Vi v\u00e6rds\u00e6tter feedback fra l\u00e6sere og fagfolk. Har du forslag til emner, forbedringer eller samarbejder? S\u00e5 skriv endelig \u2014 vi vil gerne h\u00f8re din mening og arbejde for at g\u00f8re Bartendermagasinet.dk endnu st\u00e6rkere.<\/p><\/li><\/ul>\t\t\t\t\t\t\t\t<\/div>\n\t\t\t\t<\/div>\n\t\t\t\t<\/div>\n\t\t\t\t\t<\/div>\n\t\t\t\t<\/div>\n\t\t<div class=\"elementor-element elementor-element-131737b e-flex e-con-boxed e-con e-parent\" data-id=\"131737b\" data-element_type=\"container\" data-e-type=\"container\" data-settings=\"{&quot;background_background&quot;:&quot;classic&quot;}\">\n\t\t\t\t\t<div class=\"e-con-inner\">\n\t\t<div class=\"elementor-element elementor-element-b14f83c e-con-full e-flex e-con e-child\" data-id=\"b14f83c\" data-element_type=\"container\" data-e-type=\"container\" data-settings=\"{&quot;background_background&quot;:&quot;classic&quot;}\">\n\t\t\t\t<div class=\"elementor-element elementor-element-b5ed268 elementor-widget elementor-widget-heading\" data-id=\"b5ed268\" data-element_type=\"widget\" data-e-type=\"widget\" data-widget_type=\"heading.default\">\n\t\t\t\t\t<h2 class=\"elementor-heading-title elementor-size-default\">Send Us a Message<\/h2>\t\t\t\t<\/div>\n\t\t\t\t<div class=\"elementor-element elementor-element-e760efc elementor-widget elementor-widget-text-editor\" data-id=\"e760efc\" data-element_type=\"widget\" data-e-type=\"widget\" data-widget_type=\"text-editor.default\">\n\t\t\t\t\t\t\t\t\t<p>Fill out the form below and we&#8217;ll get back to you as soon as possible.<\/p>\t\t\t\t\t\t\t\t<\/div>\n\t\t\t\t<div class=\"elementor-element elementor-element-4771a7e elementor-widget elementor-widget-shortcode\" data-id=\"4771a7e\" data-element_type=\"widget\" data-e-type=\"widget\" data-widget_type=\"shortcode.default\">\n\t\t\t\t\t\t\t<div class=\"elementor-shortcode\"><style id=\"wpforms-css-vars-313\">\n\t\t\t\t#wpforms-313 {\n\t\t\t\t--wpforms-field-border-color: rgba(0, 0, 0, 0.25);\n--wpforms-field-border-color-spare: rgba(0, 0, 0, 0.25);\n--wpforms-field-text-color: rgba(0, 0, 0, 0.7);\n--wpforms-label-color: rgba(0, 0, 0, 0.85);\n--wpforms-label-sublabel-color: rgba(0, 0, 0, 0.55);\n--wpforms-button-background-color: #74492D;\n--wpforms-container-padding: 0px;\n--wpforms-container-border-width: 1px;\n--wpforms-container-border-radius: 3px;\n--wpforms-background-color: rgba(0, 0, 0, 0);\n--wpforms-field-size-input-height: 43px;\n--wpforms-field-size-input-spacing: 15px;\n--wpforms-field-size-font-size: 16px;\n--wpforms-field-size-line-height: 19px;\n--wpforms-field-size-padding-h: 14px;\n--wpforms-field-size-checkbox-size: 16px;\n--wpforms-field-size-sublabel-spacing: 5px;\n--wpforms-field-size-icon-size: 1;\n--wpforms-label-size-font-size: 16px;\n--wpforms-label-size-line-height: 19px;\n--wpforms-label-size-sublabel-font-size: 14px;\n--wpforms-label-size-sublabel-line-height: 17px;\n--wpforms-button-size-font-size: 17px;\n--wpforms-button-size-height: 41px;\n--wpforms-button-size-padding-h: 15px;\n--wpforms-button-size-margin-top: 10px;\n--wpforms-container-shadow-size-box-shadow: none;\n\t\t\t}\n\t\t\t<\/style><div class=\"wpforms-container wpforms-container-full wpforms-render-modern\" id=\"wpforms-313\"><form id=\"wpforms-form-313\" class=\"wpforms-validate wpforms-form wpforms-ajax-form\" data-formid=\"313\" method=\"post\" enctype=\"multipart\/form-data\" action=\"\/index.php\/wp-json\/wp\/v2\/pages\/175\" data-token=\"ec613dc83bdf9594ba85a02e4afa54ce\" data-token-time=\"1775410757\"><noscript class=\"wpforms-error-noscript\">Please enable JavaScript in your browser to complete this form.<\/noscript><div id=\"wpforms-error-noscript\" style=\"display: none;\">Please enable JavaScript in your browser to complete this form.<\/div><div class=\"wpforms-field-container\"><div id=\"wpforms-313-field_1-container\" class=\"wpforms-field wpforms-field-name\" data-field-id=\"1\"><fieldset><legend class=\"wpforms-field-label\">Your Name <span class=\"wpforms-required-label\" aria-hidden=\"true\">*<\/span><\/legend><div class=\"wpforms-field-row wpforms-field-large\"><div class=\"wpforms-field-row-block wpforms-first wpforms-one-half\"><input type=\"text\" id=\"wpforms-313-field_1\" class=\"wpforms-field-name-first wpforms-field-required\" name=\"wpforms[fields][1][first]\" aria-errormessage=\"wpforms-313-field_1-error\" required><label for=\"wpforms-313-field_1\" class=\"wpforms-field-sublabel after\">First<\/label><\/div><div class=\"wpforms-field-row-block wpforms-one-half\"><input type=\"text\" id=\"wpforms-313-field_1-last\" class=\"wpforms-field-name-last wpforms-field-required\" name=\"wpforms[fields][1][last]\" aria-errormessage=\"wpforms-313-field_1-last-error\" required><label for=\"wpforms-313-field_1-last\" class=\"wpforms-field-sublabel after\">Last<\/label><\/div><\/div><\/fieldset><\/div><div id=\"wpforms-313-field_6-container\" class=\"wpforms-field wpforms-field-number\" data-field-id=\"6\"><label class=\"wpforms-field-label\" for=\"wpforms-313-field_6\">Tlf <span class=\"wpforms-required-label\" aria-hidden=\"true\">*<\/span><\/label><input type=\"number\" id=\"wpforms-313-field_6\" class=\"wpforms-field-large wpforms-field-required\" name=\"wpforms[fields][6]\" step=\"any\" aria-errormessage=\"wpforms-313-field_6-error\" required><\/div>\t\t<div id=\"wpforms-313-field_3-container\"\n\t\t\tclass=\"wpforms-field wpforms-field-text\"\n\t\t\tdata-field-type=\"text\"\n\t\t\tdata-field-id=\"3\"\n\t\t\t>\n\t\t\t<label class=\"wpforms-field-label\" for=\"wpforms-313-field_3\" >- om Omr\u00e5der<\/label>\n\t\t\t<input type=\"text\" id=\"wpforms-313-field_3\" class=\"wpforms-field-medium\" name=\"wpforms[fields][3]\" >\n\t\t<\/div>\n\t\t<div id=\"wpforms-313-field_2-container\" class=\"wpforms-field wpforms-field-email\" data-field-id=\"2\"><label class=\"wpforms-field-label\" for=\"wpforms-313-field_2\">Email Address <span class=\"wpforms-required-label\" aria-hidden=\"true\">*<\/span><\/label><input type=\"email\" id=\"wpforms-313-field_2\" class=\"wpforms-field-large wpforms-field-required\" name=\"wpforms[fields][2]\" spellcheck=\"false\" aria-errormessage=\"wpforms-313-field_2-error\" required><\/div><div id=\"wpforms-313-field_7-container\" class=\"wpforms-field wpforms-field-checkbox\" data-field-id=\"7\"><fieldset><legend class=\"wpforms-field-label\">Omr\u00e5der - Hvad drejer det sig om<\/legend><ul id=\"wpforms-313-field_7\"><li class=\"choice-1 depth-1\"><input type=\"checkbox\" id=\"wpforms-313-field_7_1\" name=\"wpforms[fields][7][]\" value=\"Annonce\" aria-errormessage=\"wpforms-313-field_7_1-error\"  ><label class=\"wpforms-field-label-inline\" for=\"wpforms-313-field_7_1\">Annonce<\/label><\/li><li class=\"choice-2 depth-1\"><input type=\"checkbox\" id=\"wpforms-313-field_7_2\" name=\"wpforms[fields][7][]\" value=\"Tip\" aria-errormessage=\"wpforms-313-field_7_2-error\"  ><label class=\"wpforms-field-label-inline\" for=\"wpforms-313-field_7_2\">Tip<\/label><\/li><li class=\"choice-3 depth-1\"><input type=\"checkbox\" id=\"wpforms-313-field_7_3\" name=\"wpforms[fields][7][]\" value=\"Andet\" aria-errormessage=\"wpforms-313-field_7_3-error\"  ><label class=\"wpforms-field-label-inline\" for=\"wpforms-313-field_7_3\">Andet<\/label><\/li><\/ul><\/fieldset><\/div><script>\n\t\t\t\t( function() {\n\t\t\t\t\tconst style = document.createElement( 'style' );\n\t\t\t\t\tstyle.appendChild( document.createTextNode( '#wpforms-313-field_3-container { position: absolute !important; overflow: hidden !important; display: inline !important; height: 1px !important; width: 1px !important; z-index: -1000 !important; padding: 0 !important; } #wpforms-313-field_3-container input { visibility: hidden; } #wpforms-conversational-form-page #wpforms-313-field_3-container label { counter-increment: none; }' ) );\n\t\t\t\t\tdocument.head.appendChild( style );\n\t\t\t\t\tdocument.currentScript?.remove();\n\t\t\t\t} )();\n\t\t\t<\/script><\/div><!-- .wpforms-field-container --><div class=\"wpforms-submit-container\" ><input type=\"hidden\" name=\"wpforms[id]\" value=\"313\"><input type=\"hidden\" name=\"page_title\" value=\"\"><input type=\"hidden\" name=\"page_url\" value=\"https:\/\/dev.bartendermagasinet.dk\/index.php\/wp-json\/wp\/v2\/pages\/175\"><input type=\"hidden\" name=\"url_referer\" value=\"\"><button type=\"submit\" name=\"wpforms[submit]\" id=\"wpforms-submit-313\" class=\"wpforms-submit\" data-alt-text=\"Sending...\" data-submit-text=\"Send Message\" aria-live=\"assertive\" value=\"wpforms-submit\">Send Message<\/button><img decoding=\"async\" src=\"https:\/\/dev.bartendermagasinet.dk\/wp-content\/plugins\/wpforms-lite\/assets\/images\/submit-spin.svg\" class=\"wpforms-submit-spinner\" style=\"display: none;\" width=\"26\" height=\"26\" alt=\"Loading\"><\/div><\/form><\/div>  <!-- .wpforms-container --><\/div>\n\t\t\t\t\t\t<\/div>\n\t\t\t\t<\/div>\n\t\t\t\t\t<\/div>\n\t\t\t\t<\/div>\n\t\t\t\t<\/div>\n\t\t","protected":false},"excerpt":{"rendered":"<p>Contact Us Du skal v\u00e6re velkommen til at tage kontakt til os. Har du sp\u00f8rgsm\u00e5l \u2014 eller noget du vil dele? Vi vil meget gerne h\u00f8re fra dig. Uanset om du er bartender, barchef, leverand\u00f8r eller blot cocktail-entusiast \u2014 du er altid velkommen til at kontakte os. Skriv til os \u2014 eller ringBrug kontaktformularen herunder, [&hellip;]<\/p>\n","protected":false},"author":1,"featured_media":0,"parent":0,"menu_order":0,"comment_status":"closed","ping_status":"closed","template":"elementor_header_footer","meta":{"footnotes":""},"class_list":["post-175","page","type-page","status-publish","hentry"],"_links":{"self":[{"href":"https:\/\/dev.bartendermagasinet.dk\/index.php\/wp-json\/wp\/v2\/pages\/175","targetHints":{"allow":["GET"]}}],"collection":[{"href":"https:\/\/dev.bartendermagasinet.dk\/index.php\/wp-json\/wp\/v2\/pages"}],"about":[{"href":"https:\/\/dev.bartendermagasinet.dk\/index.php\/wp-json\/wp\/v2\/types\/page"}],"author":[{"embeddable":true,"href":"https:\/\/dev.bartendermagasinet.dk\/index.php\/wp-json\/wp\/v2\/users\/1"}],"replies":[{"embeddable":true,"href":"https:\/\/dev.bartendermagasinet.dk\/index.php\/wp-json\/wp\/v2\/comments?post=175"}],"version-history":[{"count":44,"href":"https:\/\/dev.bartendermagasinet.dk\/index.php\/wp-json\/wp\/v2\/pages\/175\/revisions"}],"predecessor-version":[{"id":583,"href":"https:\/\/dev.bartendermagasinet.dk\/index.php\/wp-json\/wp\/v2\/pages\/175\/revisions\/583"}],"wp:attachment":[{"href":"https:\/\/dev.bartendermagasinet.dk\/index.php\/wp-json\/wp\/v2\/media?parent=175"}],"curies":[{"name":"wp","href":"https:\/\/api.w.org\/{rel}","templated":true}]}}